{"version":"1.0","provider_name":"The Body of Christ Church","provider_url":"https:\/\/thebocc.com\/es\/","author_name":"admin","author_url":"https:\/\/thebocc.com\/es\/author\/admin\/","title":"El sistema penitenciario en blanco y negro - The Body of Christ Church","type":"rich","width":600,"height":338,"html":"<blockquote class=\"wp-embedded-content\" data-secret=\"AIho4yeMxE\"><a href=\"https:\/\/thebocc.com\/es\/el-sistema-penitenciario-en-blanco-y-negro\/\">El sistema penitenciario en blanco y negro<\/a><\/blockquote><iframe sandbox=\"allow-scripts\" security=\"restricted\" src=\"https:\/\/thebocc.com\/es\/el-sistema-penitenciario-en-blanco-y-negro\/embed\/#?secret=AIho4yeMxE\" width=\"600\" height=\"338\" title=\"\u00abEl sistema penitenciario en blanco y negro\u00bb \u2014 The Body of Christ Church\" data-secret=\"AIho4yeMxE\" frameborder=\"0\" marginwidth=\"0\" marginheight=\"0\" scrolling=\"no\" class=\"wp-embedded-content\"><\/iframe><script type=\"text\/javascript\">\n\/* <![CDATA[ *\/\n\/*! This file is auto-generated *\/\n!function(d,l){\"use strict\";l.querySelector&&d.addEventListener&&\"undefined\"!=typeof URL&&(d.wp=d.wp||{},d.wp.receiveEmbedMessage||(d.wp.receiveEmbedMessage=function(e){var t=e.data;if((t||t.secret||t.message||t.value)&&!\/[^a-zA-Z0-9]\/.test(t.secret)){for(var s,r,n,a=l.querySelectorAll('iframe[data-secret=\"'+t.secret+'\"]'),o=l.querySelectorAll('blockquote[data-secret=\"'+t.secret+'\"]'),c=new RegExp(\"^https?:$\",\"i\"),i=0;i<o.length;i++)o[i].style.display=\"none\";for(i=0;i<a.length;i++)s=a[i],e.source===s.contentWindow&&(s.removeAttribute(\"style\"),\"height\"===t.message?(1e3<(r=parseInt(t.value,10))?r=1e3:~~r<200&&(r=200),s.height=r):\"link\"===t.message&&(r=new URL(s.getAttribute(\"src\")),n=new URL(t.value),c.test(n.protocol))&&n.host===r.host&&l.activeElement===s&&(d.top.location.href=t.value))}},d.addEventListener(\"message\",d.wp.receiveEmbedMessage,!1),l.addEventListener(\"DOMContentLoaded\",function(){for(var e,t,s=l.querySelectorAll(\"iframe.wp-embedded-content\"),r=0;r<s.length;r++)(t=(e=s[r]).getAttribute(\"data-secret\"))||(t=Math.random().toString(36).substring(2,12),e.src+=\"#?secret=\"+t,e.setAttribute(\"data-secret\",t)),e.contentWindow.postMessage({message:\"ready\",secret:t},\"*\")},!1)))}(window,document);\n\/\/# sourceURL=https:\/\/thebocc.com\/wp-includes\/js\/wp-embed.min.js\n\/* ]]> *\/\n<\/script>\n","thumbnail_url":"https:\/\/thebocc.com\/wp-content\/uploads\/2016\/12\/new-jim-crow1.jpg","thumbnail_width":599,"thumbnail_height":375,"description":"Nunca ha sido un secreto que los afroamericanos y otras minor\u00edas de color son objetivo desproporcionado del sistema de justicia penal de Estados Unidos. Es un hecho bien documentado que la pr\u00e1ctica del encarcelamiento masivo y las largas penas de prisi\u00f3n para los negros se remontan a la abolici\u00f3n de la esclavitud. Documentales como \u00ab13th\u00bb y \u00abSlavery by Another Name\u00bb intentan exponer los or\u00edgenes de la persecuci\u00f3n racista y sistem\u00e1tica de los negros por una instituci\u00f3n que puede describirse mejor como la esclavitud moderna. Pero incluso con innumerables estudios, documentales, grupos de discusi\u00f3n especiales y estad\u00edsticas, todav\u00eda hay otra fuente de informaci\u00f3n que aborda con M\u00c1S precisi\u00f3n este dilema, \u00a1LA SANTA BIBLIA! &nbsp; Isa\u00edas 42:22 Pero \u00e9ste es un pueblo robado y despojado; todos ellos est\u00e1n atrapados en agujeros, y est\u00e1n escondidos en casas de prisi\u00f3n; son para presa, y nadie los libra; para despojo, y nadie dice: Restaurad. El profeta Isa\u00edas nos dice que los hijos b\u00edblicos de Dios ser\u00edan despojados de todas las cosas: tierra, casas, lengua, religi\u00f3n, incluso de su identidad. Tambi\u00e9n profetiz\u00f3 sombr\u00edamente que ser\u00edan escondidos en casas de prisi\u00f3n sin nadie que los salvara o restaurara. &nbsp; &nbsp; &nbsp; &nbsp; Incluso el propio Jesucristo explic\u00f3 a los ap\u00f3stoles que a los gobernantes de este mundo no les importan nada los hijos de los extranjeros y que los explotar\u00e1n a su antojo. Mateo 17:25-27 Cuando entr\u00f3 en casa, Jes\u00fas se lo impidi\u00f3, diciendo: \u00bfQu\u00e9 te parece, Sim\u00f3n? \u00bfde qui\u00e9n toman costumbre o tributo los reyes de la tierra? de sus propios hijos, o de extra\u00f1os? 26 Pedro le dice: De extra\u00f1os. Jes\u00fas le dice: Entonces los ni\u00f1os son libres. Podemos ver en las ense\u00f1anzas de Cristo que nosotros, como las llamadas minor\u00edas de color en los Estados Unidos y dispersos por todo el mundo somos los extranjeros en muchos, si no todos, de los pa\u00edses que ahora habitamos. Como hijos de extra\u00f1os estamos sujetos a pagos, castigos y abusos de los que se libran los hijos naturales. Esta es la raz\u00f3n por la que en Estados Unidos los blancos suelen recibir condenas mucho m\u00e1s leves e indulgentes por delitos id\u00e9nticos cometidos por sus hom\u00f3logos negros. Pero hay otra raz\u00f3n m\u00e1s para esta gran disparidad en la representaci\u00f3n de los llamados negros y marrones en el sistema penitenciario y ser\u00e1 una verdad que s\u00f3lo unos pocos podr\u00e1n comprender. Am\u00f3s 3:1-3 O\u00edd esta palabra que el Se\u00f1or ha pronunciado contra vosotros, hijos de Israel, contra toda la familia que hice subir de la tierra de Egipto, diciendo: 2 S\u00f3lo a vosotros he conocido de todas las familias de la tierra; por eso os castigar\u00e9 por todas vuestras iniquidades. El Padre Celestial dio sus Leyes, Estatutos y Mandamientos a los israelitas, nuestros antepasados b\u00edblicos. Con este gran don vino una incre\u00edble responsabilidad de ser luces de la palabra y embajadores de Cristo en el planeta Tierra. Cuando pervertimos los caminos del Padre Celestial a favor de la fornicaci\u00f3n, la idolatr\u00eda y todo tipo de maldad, ca\u00edmos r\u00e1pidamente de la gracia. Como hijos de la promesa y aquellos que est\u00e1n bajo el pacto de Dios, el profeta Am\u00f3s advierte \u00abS\u00f3lo a vosotros he conocido de todas las familias de la tierra: por eso os castigar\u00e9 por todas vuestras iniquidades.\u00bb A pesar de que hemos llegado a ser menos que cualquier otra naci\u00f3n del planeta, seguimos siendo los hijos b\u00edblicos de Dios. Y como tales, no tendremos piedad cuando transgredamos sus mandamientos. Es cierto que las llamadas minor\u00edas de color se enfrentan al racismo, al clasismo y al verdadero odio de nuestros opresores en muchos pa\u00edses del mundo. Pero la palabra de Dios prevalece sobre todo. Romanos 13:3 Porque los gobernantes no son un terror para las buenas obras, sino para las malas. \u00bfEntonces no tendr\u00e1s miedo del poder? haz lo bueno, y tendr\u00e1s alabanza de ello: Como hijos del Dios Alt\u00edsimo debemos comprometernos al arrepentimiento y a las buenas obras con la esperanza de recibir misericordia en una sociedad despiadada."}

Nunca ha sido un secreto que los afroamericanos y otras minorías de color son objetivo desproporcionado del sistema de justicia penal de Estados Unidos. Es un hecho bien documentado que la práctica del encarcelamiento masivo y las largas penas de prisión para los negros se remontan a la abolición de la esclavitud. Documentales como «13th» y «Slavery by Another Name» intentan exponer los orígenes de la persecución racista y sistemática de los negros por una institución que puede describirse mejor como la esclavitud moderna. Pero incluso con innumerables estudios, documentales, grupos de discusión especiales y estadísticas, todavía hay otra fuente de información que aborda con MÁS precisión este dilema, ¡LA SANTA BIBLIA! &nbsp; Isaías 42:22 Pero éste es un pueblo robado y despojado; todos ellos están atrapados en agujeros, y están escondidos en casas de prisión; son para presa, y nadie los libra; para despojo, y nadie dice: Restaurad. El profeta Isaías nos dice que los hijos bíblicos de Dios serían despojados de todas las cosas: tierra, casas, lengua, religión, incluso de su identidad. También profetizó sombríamente que serían escondidos en casas de prisión sin nadie que los salvara o restaurara. &nbsp; &nbsp; &nbsp; &nbsp; Incluso el propio Jesucristo explicó a los apóstoles que a los gobernantes de este mundo no les importan nada los hijos de los extranjeros y que los explotarán a su antojo. Mateo 17:25-27 Cuando entró en casa, Jesús se lo impidió, diciendo: ¿Qué te parece, Simón? ¿de quién toman costumbre o tributo los reyes de la tierra? de sus propios hijos, o de extraños? 26 Pedro le dice: De extraños. Jesús le dice: Entonces los niños son libres. Podemos ver en las enseñanzas de Cristo que nosotros, como las llamadas minorías de color en los Estados Unidos y dispersos por todo el mundo somos los extranjeros en muchos, si no todos, de los países que ahora habitamos. Como hijos de extraños estamos sujetos a pagos, castigos y abusos de los que se libran los hijos naturales. Esta es la razón por la que en Estados Unidos los blancos suelen recibir condenas mucho más leves e indulgentes por delitos idénticos cometidos por sus homólogos negros. Pero hay otra razón más para esta gran disparidad en la representación de los llamados negros y marrones en el sistema penitenciario y será una verdad que sólo unos pocos podrán comprender. Amós 3:1-3 Oíd esta palabra que el Señor ha pronunciado contra vosotros, hijos de Israel, contra toda la familia que hice subir de la tierra de Egipto, diciendo: 2 Sólo a vosotros he conocido de todas las familias de la tierra; por eso os castigaré por todas vuestras iniquidades. El Padre Celestial dio sus Leyes, Estatutos y Mandamientos a los israelitas, nuestros antepasados bíblicos. Con este gran don vino una increíble responsabilidad de ser luces de la palabra y embajadores de Cristo en el planeta Tierra. Cuando pervertimos los caminos del Padre Celestial a favor de la fornicación, la idolatría y todo tipo de maldad, caímos rápidamente de la gracia. Como hijos de la promesa y aquellos que están bajo el pacto de Dios, el profeta Amós advierte «Sólo a vosotros he conocido de todas las familias de la tierra: por eso os castigaré por todas vuestras iniquidades.» A pesar de que hemos llegado a ser menos que cualquier otra nación del planeta, seguimos siendo los hijos bíblicos de Dios. Y como tales, no tendremos piedad cuando transgredamos sus mandamientos. Es cierto que las llamadas minorías de color se enfrentan al racismo, al clasismo y al verdadero odio de nuestros opresores en muchos países del mundo. Pero la palabra de Dios prevalece sobre todo. Romanos 13:3 Porque los gobernantes no son un terror para las buenas obras, sino para las malas. ¿Entonces no tendrás miedo del poder? haz lo bueno, y tendrás alabanza de ello: Como hijos del Dios Altísimo debemos comprometernos al arrepentimiento y a las buenas obras con la esperanza de recibir misericordia en una sociedad despiadada.
